
List the prime factors of 964.
2, 241
List the prime factors of 1678.
2, 839
List the prime factors of 10899.
3, 7, 173
List the prime factors of 553.
7, 79
List the prime factors of 6856.
2, 857
What are the prime factors of 52402?
2, 7, 19, 197
What are the prime factors of 1175?
5, 47
What are the prime factors of 26724?
2, 3, 17, 131
What are the prime factors of 787?
787
List the prime factors of 68738.
2, 34369
What are the prime factors of 1162?
2, 7, 83
What are the prime factors of 11728?
2, 733
What are the prime factors of 8458?
2, 4229
List the prime factors of 1245.
3, 5, 83
List the prime factors of 146.
2, 73
What are the prime factors of 45342?
2, 3, 11, 229
List the prime factors of 58390.
2, 5, 5839
What are the prime factors of 2838?
2, 3, 11, 43
List the prime factors of 17137.
17137
What are the prime factors of 24542?
2, 7, 1753
What are the prime factors of 4997?
19, 263
What are the prime factors of 1039?
1039
List the prime factors of 1485.
3, 5, 11
What are the prime factors of 6488?
2, 811
List the prime factors of 157.
157
List the prime factors of 40575.
3, 5, 541
List the prime factors of 7122.
2, 3, 1187
What are the prime factors of 68250?
2, 3, 5, 7, 13
What are the prime factors of 4946?
2, 2473
List the prime factors of 5329.
73
What are the prime factors of 1169?
7, 167
What are the prime factors of 37825?
5, 17, 89
List the prime factors of 137.
137
What are the prime factors of 3302?
2, 13, 127
List the prime factors of 1663.
1663
List the prime factors of 4735.
5, 947
List the prime factors of 69414.
2, 3, 23, 503
List the prime factors of 162.
2, 3
What are the prime factors of 36384?
2, 3, 379
What are the prime factors of 10203?
3, 19, 179
List the prime factors of 5360.
2, 5, 67
What are the prime factors of 6831?
3, 11, 23
List the prime factors of 64693.
64693
List the prime factors of 36822.
2, 3, 17, 19
List the prime factors of 3356.
2, 839
What are the prime factors of 10835?
5, 11, 197
List the prime factors of 2025.
3, 5
List the prime factors of 64059.
3, 131, 163
What are the prime factors of 25685?
5, 11, 467
List the prime factors of 5320.
2, 5, 7, 19
List the prime factors of 86168.
2, 10771
List the prime factors of 3318.
2, 3, 7, 79
What are the prime factors of 1687?
7, 241
List the prime factors of 2065.
5, 7, 59
List the prime factors of 14427.
3, 7, 229
What are the prime factors of 2286?
2, 3, 127
What are the prime factors of 13210?
2, 5, 1321
What are the prime factors of 2071?
19, 109
What are the prime factors of 32540?
2, 5, 1627
List the prime factors of 1264.
2, 79
List the prime factors of 51756.
2, 3, 19, 227
What are the prime factors of 37602?
2, 3, 2089
List the prime factors of 51509.
19, 2711
What are the prime factors of 23856?
2, 3, 7, 71
List the prime factors of 3621.
3, 17, 71
What are the prime factors of 781?
11, 71
What are the prime factors of 24048?
2, 3, 167
What are the prime factors of 1675?
5, 67
What are the prime factors of 15341?
23, 29
List the prime factors of 39665.
5, 7933
What are the prime factors of 1763?
41, 43
What are the prime factors of 128?
2
What are the prime factors of 2528?
2, 79
List the prime factors of 12028.
2, 31, 97
What are the prime factors of 5474?
2, 7, 17, 23
What are the prime factors of 1079?
13, 83
List the prime factors of 9431.
9431
What are the prime factors of 21516?
2, 3, 11, 163
List the prime factors of 702.
2, 3, 13
What are the prime factors of 10691?
10691
What are the prime factors of 31268?
2, 7817
What are the prime factors of 2?
2
List the prime factors of 38256.
2, 3, 797
What are the prime factors of 14346?
2, 3, 797
What are the prime factors of 3736?
2, 467
What are the prime factors of 9197?
17, 541
What are the prime factors of 1098?
2, 3, 61
List the prime factors of 116.
2, 29
What are the prime factors of 7618?
2, 13, 293
What are the prime factors of 45429?
3, 19, 797
What are the prime factors of 1475?
5, 59
List the prime factors of 33341.
7, 11, 433
List the prime factors of 67763.
67763
What are the prime factors of 6414?
2, 3, 1069
List the prime factors of 19747.
7, 13, 31
What are the prime factors of 43563?
3, 13, 1117
What are the prime factors of 1676?
2, 419
List the prime factors of 16257.
3, 5419
List the prime factors of 8991.
3, 37
List the prime factors of 706.
2, 353
List the prime factors of 799.
17, 47
List the prime factors of 1202.
2, 601
What are the prime factors of 664?
2, 83
What are the prime factors of 3679?
13, 283
List the prime factors of 43518.
2, 3, 7253
What are the prime factors of 11512?
2, 1439
What are the prime factors of 21759?
3, 7253
What are the prime factors of 9756?
2, 3, 271
List the prime factors of 40977.
3, 29, 157
What are the prime factors of 1323?
3, 7
List the prime factors of 84353.
67, 1259
List the prime factors of 5571.
3, 619
What are the prime factors of 85040?
2, 5, 1063
List the prime factors of 8240.
2, 5, 103
What are the prime factors of 1317?
3, 439
What are the prime factors of 4074?
2, 3, 7, 97
What are the prime factors of 58447?
211, 277
What are the prime factors of 65998?
2, 32999
What are the prime factors of 73873?
31, 2383
List the prime factors of 156893.
11, 17, 839
List the prime factors of 625.
5
List the prime factors of 1600.
2, 5
What are the prime factors of 780?
2, 3, 5, 13
List the prime factors of 5811.
3, 13, 149
What are the prime factors of 62986?
2, 7, 11, 409
List the prime factors of 7937.
7937
List the prime factors of 1948.
2, 487
What are the prime factors of 82399?
17, 37, 131
List the prime factors of 151.
151
List the prime factors of 57781.
57781
What are the prime factors of 3278?
2, 11, 149
What are the prime factors of 496?
2, 31
List the prime factors of 12330.
2, 3, 5, 137
List the prime factors of 1143.
3, 127
List the prime factors of 29573.
29573
What are the prime factors of 525?
3, 5, 7
What are the prime factors of 11577?
3, 17, 227
What are the prime factors of 33221?
139, 239
What are the prime factors of 101?
101
List the prime factors of 1100.
2, 5, 11
What are the prime factors of 19710?
2, 3, 5, 73
What are the prime factors of 408?
2, 3, 17
What are the prime factors of 509?
509
List the prime factors of 3171.
3, 7, 151
What are the prime factors of 923?
13, 71
What are the prime factors of 10308?
2, 3, 859
What are the prime factors of 366?
2, 3, 61
What are the prime factors of 4530?
2, 3, 5, 151
List the prime factors of 1960.
2, 5, 7
List the prime factors of 926.
2, 463
List the prime factors of 173.
173
What are the prime factors of 32835?
3, 5, 11, 199
What are the prime factors of 24286?
2, 12143
List the prime factors of 20651.
107, 193
What are the prime factors of 3701?
3701
What are the prime factors of 286?
2, 11, 13
List the prime factors of 8657.
11, 787
List the prime factors of 1729.
7, 13, 19
List the prime factors of 7312.
2, 457
List the prime factors of 668.
2, 167
List the prime factors of 67116.
2, 3, 7, 17, 47
List the prime factors of 1899.
3, 211
List the prime factors of 28095.
3, 5, 1873
What are the prime factors of 30317?
7, 61, 71
What are the prime factors of 134052?
2, 3, 11171
List the prime factors of 4098.
2, 3, 683
What are the prime factors of 18918?
2, 3, 1051
What are the prime factors of 2420?
2, 5, 11
List the prime factors of 56762.
2, 101, 281
What are the prime factors of 21589?
21589
What are the prime factors of 113645?
5, 7, 17, 191
List the prime factors of 1839.
3, 613
What are the prime factors of 7785?
3, 5, 173
List the prime factors of 4873.
11, 443
List the prime factors of 32527.
11, 2957
List the prime factors of 2753.
2753
What are the prime factors of 2708?
2, 677
List the prime factors of 139635.
3, 5, 29, 107
List the prime factors of 1361.
1361
List the prime factors of 95.
5, 19
List the prime factors of 6985.
5, 11, 127
List the prime factors of 1370.
2, 5, 137
List the prime factors of 1875.
3, 5
What are the prime factors of 128?
2
What are the prime factors of 12582?
2, 3, 233
What are the prime factors of 12471?
3, 4157
List the prime factors of 1071.
3, 7, 17
What are the prime factors of 2397?
3, 17, 47
List the prime factors of 144274.
2, 13, 31, 179
What are the prime factors of 1820?
2, 5, 7, 13
What are th